{"id":14643,"date":"2026-02-12T08:55:56","date_gmt":"2026-02-12T08:55:56","guid":{"rendered":"https:\/\/ficam.cat\/alquiler-de-bicicletas\/"},"modified":"2026-04-14T15:19:37","modified_gmt":"2026-04-14T15:19:37","slug":"alquiler-de-bicicletas","status":"publish","type":"page","link":"https:\/\/ficam.cat\/es\/alquiler-de-bicicletas\/","title":{"rendered":"Alquiler de bicicletas"},"content":{"rendered":"\t\t<div data-elementor-type=\"wp-page\" data-elementor-id=\"14643\" class=\"elementor elementor-14643 elementor-13684\" data-elementor-post-type=\"page\">\n\t\t\t\t<div class=\"elementor-element elementor-element-bd96802 e-flex e-con-boxed e-con e-parent\" data-id=\"bd96802\" data-element_type=\"container\" data-e-type=\"container\" data-settings=\"{&quot;background_background&quot;:&quot;classic&quot;}\">\n\t\t\t\t\t<div class=\"e-con-inner\">\n\t\t\t\t<div class=\"elementor-element elementor-element-6d542af elementor-widget elementor-widget-shortcode\" data-id=\"6d542af\" data-element_type=\"widget\" data-e-type=\"widget\" data-widget_type=\"shortcode.default\">\n\t\t\t\t\t\t\t<div class=\"elementor-shortcode\">\r\n    <style>\r\n    .hide-scrolle { overflow: hidden; }\r\n    .viewporte {\r\n        overflow: auto;\r\n        height: 1500px;\r\n        max-height: 100%;\r\n        margin-right: -100px;\r\n        padding-right: 100px;\r\n    }\r\n    <\/style>\r\n\r\n    <div class=\"hide-scrolle\">\r\n        <div class=\"viewporte\">\r\n            <iframe id=\"clicktorent\" src=\"https:\/\/frontend.clicktorentabike.com\/granfondo\/step1?lang=es&#038;ipClient=216.73.217.120&#038;domain=https:\/\/ficam.cat&#038;pickup_office=24&#038;dropoff_office=24&#038;lockselect=si&#038;color=FA4616\"\r\n                sandbox=\"allow-top-navigation allow-same-origin allow-scripts allow-popups allow-modals allow-forms allow-popups-to-escape-sandbox\"\r\n                width=\"100%\" height=\"1500\" frameborder=\"0\">\r\n            <\/iframe>\r\n        <\/div>\r\n    <\/div>\r\n\r\n    <script src=\"https:\/\/frontend.clicktorentabike.com\/book-iframe.js\"><\/script>\r\n\r\n    <\/div>\n\t\t\t\t\t\t<\/div>\n\t\t\t\t\t<\/div>\n\t\t\t\t<\/div>\n\t\t\t\t<\/div>\n\t\t","protected":false},"excerpt":{"rendered":"","protected":false},"author":1,"featured_media":0,"parent":0,"menu_order":0,"comment_status":"closed","ping_status":"closed","template":"elementor_header_footer","meta":{"_acf_changed":false,"inline_featured_image":false,"footnotes":""},"class_list":["post-14643","page","type-page","status-publish","hentry"],"acf":[],"yoast_head":"<!-- This site is optimized with the Yoast SEO plugin v27.4 - https:\/\/yoast.com\/product\/yoast-seo-wordpress\/ -->\n<title>Alquiler de bicicletas - Palau Fugit<\/title>\n<meta name=\"description\" content=\"\u00bfQuieres alquilar una bicicleta? Rellena el formulario que encontrar\u00e1s en esta p\u00e1gina y podr\u00e1s alquilar una bicicleta con servicio de recogida y entrega en Palau Fugit.\" \/>\n<meta name=\"robots\" content=\"noindex, follow, max-snippet:-1, max-image-preview:large, max-video-preview:-1\" \/>\n<meta property=\"og:locale\" content=\"es_ES\" \/>\n<meta property=\"og:type\" content=\"article\" \/>\n<meta property=\"og:title\" content=\"Alquiler de bicicletas - Palau Fugit\" \/>\n<meta property=\"og:description\" content=\"\u00bfQuieres alquilar una bicicleta? Rellena el formulario que encontrar\u00e1s en esta p\u00e1gina y podr\u00e1s alquilar una bicicleta con servicio de recogida y entrega en Palau Fugit.\" \/>\n<meta property=\"og:url\" content=\"https:\/\/ficam.cat\/es\/alquiler-de-bicicletas\/\" \/>\n<meta property=\"og:site_name\" content=\"Palau Fugit\" \/>\n<meta property=\"article:modified_time\" content=\"2026-04-14T15:19:37+00:00\" \/>\n<meta name=\"twitter:card\" content=\"summary_large_image\" \/>\n<script type=\"application\/ld+json\" class=\"yoast-schema-graph\">{\"@context\":\"https:\\\/\\\/schema.org\",\"@graph\":[{\"@type\":\"WebPage\",\"@id\":\"https:\\\/\\\/ficam.cat\\\/es\\\/alquiler-de-bicicletas\\\/\",\"url\":\"https:\\\/\\\/ficam.cat\\\/es\\\/alquiler-de-bicicletas\\\/\",\"name\":\"Alquiler de bicicletas - Palau Fugit\",\"isPartOf\":{\"@id\":\"https:\\\/\\\/ficam.cat\\\/es\\\/#website\"},\"datePublished\":\"2026-02-12T08:55:56+00:00\",\"dateModified\":\"2026-04-14T15:19:37+00:00\",\"description\":\"\u00bfQuieres alquilar una bicicleta? Rellena el formulario que encontrar\u00e1s en esta p\u00e1gina y podr\u00e1s alquilar una bicicleta con servicio de recogida y entrega en Palau Fugit.\",\"breadcrumb\":{\"@id\":\"https:\\\/\\\/ficam.cat\\\/es\\\/alquiler-de-bicicletas\\\/#breadcrumb\"},\"inLanguage\":\"es\",\"potentialAction\":[{\"@type\":\"ReadAction\",\"target\":[\"https:\\\/\\\/ficam.cat\\\/es\\\/alquiler-de-bicicletas\\\/\"]}]},{\"@type\":\"BreadcrumbList\",\"@id\":\"https:\\\/\\\/ficam.cat\\\/es\\\/alquiler-de-bicicletas\\\/#breadcrumb\",\"itemListElement\":[{\"@type\":\"ListItem\",\"position\":1,\"name\":\"Inici\",\"item\":\"https:\\\/\\\/ficam.cat\\\/es\\\/inicio\\\/\"},{\"@type\":\"ListItem\",\"position\":2,\"name\":\"Alquiler de bicicletas\"}]},{\"@type\":\"WebSite\",\"@id\":\"https:\\\/\\\/ficam.cat\\\/es\\\/#website\",\"url\":\"https:\\\/\\\/ficam.cat\\\/es\\\/\",\"name\":\"Palau Fugit\",\"description\":\"Hotel Boutique en Girona\",\"publisher\":{\"@id\":\"https:\\\/\\\/ficam.cat\\\/es\\\/#organization\"},\"potentialAction\":[{\"@type\":\"SearchAction\",\"target\":{\"@type\":\"EntryPoint\",\"urlTemplate\":\"https:\\\/\\\/ficam.cat\\\/es\\\/?s={search_term_string}\"},\"query-input\":{\"@type\":\"PropertyValueSpecification\",\"valueRequired\":true,\"valueName\":\"search_term_string\"}}],\"inLanguage\":\"es\"},{\"@type\":\"Organization\",\"@id\":\"https:\\\/\\\/ficam.cat\\\/es\\\/#organization\",\"name\":\"Palau Fugit\",\"url\":\"https:\\\/\\\/ficam.cat\\\/es\\\/\",\"logo\":{\"@type\":\"ImageObject\",\"inLanguage\":\"es\",\"@id\":\"https:\\\/\\\/ficam.cat\\\/es\\\/#\\\/schema\\\/logo\\\/image\\\/\",\"url\":\"https:\\\/\\\/ficam.cat\\\/wp-content\\\/uploads\\\/2026\\\/02\\\/cropped-favicon_palaufugit-favicon.png\",\"contentUrl\":\"https:\\\/\\\/ficam.cat\\\/wp-content\\\/uploads\\\/2026\\\/02\\\/cropped-favicon_palaufugit-favicon.png\",\"width\":512,\"height\":512,\"caption\":\"Palau Fugit\"},\"image\":{\"@id\":\"https:\\\/\\\/ficam.cat\\\/es\\\/#\\\/schema\\\/logo\\\/image\\\/\"},\"sameAs\":[\"https:\\\/\\\/www.instagram.com\\\/palaufugitgirona\\\/\"]}]}<\/script>\n<!-- \/ Yoast SEO plugin. -->","yoast_head_json":{"title":"Alquiler de bicicletas - Palau Fugit","description":"\u00bfQuieres alquilar una bicicleta? Rellena el formulario que encontrar\u00e1s en esta p\u00e1gina y podr\u00e1s alquilar una bicicleta con servicio de recogida y entrega en Palau Fugit.","robots":{"index":"noindex","follow":"follow","max-snippet":"max-snippet:-1","max-image-preview":"max-image-preview:large","max-video-preview":"max-video-preview:-1"},"og_locale":"es_ES","og_type":"article","og_title":"Alquiler de bicicletas - Palau Fugit","og_description":"\u00bfQuieres alquilar una bicicleta? Rellena el formulario que encontrar\u00e1s en esta p\u00e1gina y podr\u00e1s alquilar una bicicleta con servicio de recogida y entrega en Palau Fugit.","og_url":"https:\/\/ficam.cat\/es\/alquiler-de-bicicletas\/","og_site_name":"Palau Fugit","article_modified_time":"2026-04-14T15:19:37+00:00","twitter_card":"summary_large_image","schema":{"@context":"https:\/\/schema.org","@graph":[{"@type":"WebPage","@id":"https:\/\/ficam.cat\/es\/alquiler-de-bicicletas\/","url":"https:\/\/ficam.cat\/es\/alquiler-de-bicicletas\/","name":"Alquiler de bicicletas - Palau Fugit","isPartOf":{"@id":"https:\/\/ficam.cat\/es\/#website"},"datePublished":"2026-02-12T08:55:56+00:00","dateModified":"2026-04-14T15:19:37+00:00","description":"\u00bfQuieres alquilar una bicicleta? Rellena el formulario que encontrar\u00e1s en esta p\u00e1gina y podr\u00e1s alquilar una bicicleta con servicio de recogida y entrega en Palau Fugit.","breadcrumb":{"@id":"https:\/\/ficam.cat\/es\/alquiler-de-bicicletas\/#breadcrumb"},"inLanguage":"es","potentialAction":[{"@type":"ReadAction","target":["https:\/\/ficam.cat\/es\/alquiler-de-bicicletas\/"]}]},{"@type":"BreadcrumbList","@id":"https:\/\/ficam.cat\/es\/alquiler-de-bicicletas\/#breadcrumb","itemListElement":[{"@type":"ListItem","position":1,"name":"Inici","item":"https:\/\/ficam.cat\/es\/inicio\/"},{"@type":"ListItem","position":2,"name":"Alquiler de bicicletas"}]},{"@type":"WebSite","@id":"https:\/\/ficam.cat\/es\/#website","url":"https:\/\/ficam.cat\/es\/","name":"Palau Fugit","description":"Hotel Boutique en Girona","publisher":{"@id":"https:\/\/ficam.cat\/es\/#organization"},"potentialAction":[{"@type":"SearchAction","target":{"@type":"EntryPoint","urlTemplate":"https:\/\/ficam.cat\/es\/?s={search_term_string}"},"query-input":{"@type":"PropertyValueSpecification","valueRequired":true,"valueName":"search_term_string"}}],"inLanguage":"es"},{"@type":"Organization","@id":"https:\/\/ficam.cat\/es\/#organization","name":"Palau Fugit","url":"https:\/\/ficam.cat\/es\/","logo":{"@type":"ImageObject","inLanguage":"es","@id":"https:\/\/ficam.cat\/es\/#\/schema\/logo\/image\/","url":"https:\/\/ficam.cat\/wp-content\/uploads\/2026\/02\/cropped-favicon_palaufugit-favicon.png","contentUrl":"https:\/\/ficam.cat\/wp-content\/uploads\/2026\/02\/cropped-favicon_palaufugit-favicon.png","width":512,"height":512,"caption":"Palau Fugit"},"image":{"@id":"https:\/\/ficam.cat\/es\/#\/schema\/logo\/image\/"},"sameAs":["https:\/\/www.instagram.com\/palaufugitgirona\/"]}]}},"_links":{"self":[{"href":"https:\/\/ficam.cat\/es\/wp-json\/wp\/v2\/pages\/14643","targetHints":{"allow":["GET"]}}],"collection":[{"href":"https:\/\/ficam.cat\/es\/wp-json\/wp\/v2\/pages"}],"about":[{"href":"https:\/\/ficam.cat\/es\/wp-json\/wp\/v2\/types\/page"}],"author":[{"embeddable":true,"href":"https:\/\/ficam.cat\/es\/wp-json\/wp\/v2\/users\/1"}],"replies":[{"embeddable":true,"href":"https:\/\/ficam.cat\/es\/wp-json\/wp\/v2\/comments?post=14643"}],"version-history":[{"count":1,"href":"https:\/\/ficam.cat\/es\/wp-json\/wp\/v2\/pages\/14643\/revisions"}],"predecessor-version":[{"id":14644,"href":"https:\/\/ficam.cat\/es\/wp-json\/wp\/v2\/pages\/14643\/revisions\/14644"}],"wp:attachment":[{"href":"https:\/\/ficam.cat\/es\/wp-json\/wp\/v2\/media?parent=14643"}],"curies":[{"name":"wp","href":"https:\/\/api.w.org\/{rel}","templated":true}]}}

<!-- This site is optimized with the Yoast SEO plugin v27.4 - https://yoast.com/product/yoast-seo-wordpress/ -->
<title>Alquiler de bicicletas - Palau Fugit</title>
<meta name="description" content="¿Quieres alquilar una bicicleta? Rellena el formulario que encontrarás en esta página y podrás alquilar una bicicleta con servicio de recogida y entrega en Palau Fugit." />
<meta name="robots" content="noindex, follow, max-snippet:-1, max-image-preview:large, max-video-preview:-1" />
<meta property="og:locale" content="es_ES" />
<meta property="og:type" content="article" />
<meta property="og:title" content="Alquiler de bicicletas - Palau Fugit" />
<meta property="og:description" content="¿Quieres alquilar una bicicleta? Rellena el formulario que encontrarás en esta página y podrás alquilar una bicicleta con servicio de recogida y entrega en Palau Fugit." />
<meta property="og:url" content="https://ficam.cat/es/alquiler-de-bicicletas/" />
<meta property="og:site_name" content="Palau Fugit" />
<meta property="article:modified_time" content="2026-04-14T15:19:37+00:00" />
<meta name="twitter:card" content="summary_large_image" />
<script type="application/ld+json" class="yoast-schema-graph">{"@context":"https:\/\/schema.org","@graph":[{"@type":"WebPage","@id":"https:\/\/ficam.cat\/es\/alquiler-de-bicicletas\/","url":"https:\/\/ficam.cat\/es\/alquiler-de-bicicletas\/","name":"Alquiler de bicicletas - Palau Fugit","isPartOf":{"@id":"https:\/\/ficam.cat\/es\/#website"},"datePublished":"2026-02-12T08:55:56+00:00","dateModified":"2026-04-14T15:19:37+00:00","description":"¿Quieres alquilar una bicicleta? Rellena el formulario que encontrarás en esta página y podrás alquilar una bicicleta con servicio de recogida y entrega en Palau Fugit.","breadcrumb":{"@id":"https:\/\/ficam.cat\/es\/alquiler-de-bicicletas\/#breadcrumb"},"inLanguage":"es","potentialAction":[{"@type":"ReadAction","target":["https:\/\/ficam.cat\/es\/alquiler-de-bicicletas\/"]}]},{"@type":"BreadcrumbList","@id":"https:\/\/ficam.cat\/es\/alquiler-de-bicicletas\/#breadcrumb","itemListElement":[{"@type":"ListItem","position":1,"name":"Inici","item":"https:\/\/ficam.cat\/es\/inicio\/"},{"@type":"ListItem","position":2,"name":"Alquiler de bicicletas"}]},{"@type":"WebSite","@id":"https:\/\/ficam.cat\/es\/#website","url":"https:\/\/ficam.cat\/es\/","name":"Palau Fugit","description":"Hotel Boutique en Girona","publisher":{"@id":"https:\/\/ficam.cat\/es\/#organization"},"potentialAction":[{"@type":"SearchAction","target":{"@type":"EntryPoint","urlTemplate":"https:\/\/ficam.cat\/es\/?s={search_term_string}"},"query-input":{"@type":"PropertyValueSpecification","valueRequired":true,"valueName":"search_term_string"}}],"inLanguage":"es"},{"@type":"Organization","@id":"https:\/\/ficam.cat\/es\/#organization","name":"Palau Fugit","url":"https:\/\/ficam.cat\/es\/","logo":{"@type":"ImageObject","inLanguage":"es","@id":"https:\/\/ficam.cat\/es\/#\/schema\/logo\/image\/","url":"https:\/\/ficam.cat\/wp-content\/uploads\/2026\/02\/cropped-favicon_palaufugit-favicon.png","contentUrl":"https:\/\/ficam.cat\/wp-content\/uploads\/2026\/02\/cropped-favicon_palaufugit-favicon.png","width":512,"height":512,"caption":"Palau Fugit"},"image":{"@id":"https:\/\/ficam.cat\/es\/#\/schema\/logo\/image\/"},"sameAs":["https:\/\/www.instagram.com\/palaufugitgirona\/"]}]}</script>
<!-- / Yoast SEO plugin. -->

¿Quieres alquilar una bicicleta? Rellena el formulario que encontrarás en esta página y podrás alquilar una bicicleta con servicio de recogida y entrega en Palau Fugit.
