{"version":"1.0","provider_name":"Palau Fugit","provider_url":"https:\/\/ficam.cat\/fr\/","author_name":"Albert Torr\u00f3 Vilert","author_url":"https:\/\/ficam.cat\/fr\/author\/jordi\/","title":"Temps de Flors 2025 - Palau Fugit","type":"rich","width":600,"height":338,"html":"<blockquote class=\"wp-embedded-content\" data-secret=\"7zS2QcEr1z\"><a href=\"https:\/\/ficam.cat\/fr\/2026\/01\/28\/temps-de-flors-2025\/\">Temps de Flors 2025<\/a><\/blockquote><iframe sandbox=\"allow-scripts\" security=\"restricted\" src=\"https:\/\/ficam.cat\/fr\/2026\/01\/28\/temps-de-flors-2025\/embed\/#?secret=7zS2QcEr1z\" width=\"600\" height=\"338\" title=\"\u00ab\u00a0Temps de Flors 2025\u00a0\u00bb &#8212; Palau Fugit\" data-secret=\"7zS2QcEr1z\" frameborder=\"0\" marginwidth=\"0\" marginheight=\"0\" scrolling=\"no\" class=\"wp-embedded-content\"><\/iframe><script>\n\/*! This file is auto-generated *\/\n!function(d,l){\"use strict\";l.querySelector&&d.addEventListener&&\"undefined\"!=typeof URL&&(d.wp=d.wp||{},d.wp.receiveEmbedMessage||(d.wp.receiveEmbedMessage=function(e){var t=e.data;if((t||t.secret||t.message||t.value)&&!\/[^a-zA-Z0-9]\/.test(t.secret)){for(var s,r,n,a=l.querySelectorAll('iframe[data-secret=\"'+t.secret+'\"]'),o=l.querySelectorAll('blockquote[data-secret=\"'+t.secret+'\"]'),c=new RegExp(\"^https?:$\",\"i\"),i=0;i<o.length;i++)o[i].style.display=\"none\";for(i=0;i<a.length;i++)s=a[i],e.source===s.contentWindow&&(s.removeAttribute(\"style\"),\"height\"===t.message?(1e3<(r=parseInt(t.value,10))?r=1e3:~~r<200&&(r=200),s.height=r):\"link\"===t.message&&(r=new URL(s.getAttribute(\"src\")),n=new URL(t.value),c.test(n.protocol))&&n.host===r.host&&l.activeElement===s&&(d.top.location.href=t.value))}},d.addEventListener(\"message\",d.wp.receiveEmbedMessage,!1),l.addEventListener(\"DOMContentLoaded\",function(){for(var e,t,s=l.querySelectorAll(\"iframe.wp-embedded-content\"),r=0;r<s.length;r++)(t=(e=s[r]).getAttribute(\"data-secret\"))||(t=Math.random().toString(36).substring(2,12),e.src+=\"#?secret=\"+t,e.setAttribute(\"data-secret\",t)),e.contentWindow.postMessage({message:\"ready\",secret:t},\"*\")},!1)))}(window,document);\n\/\/# sourceURL=https:\/\/ficam.cat\/wp-includes\/js\/wp-embed.min.js\n<\/script>\n","thumbnail_url":"https:\/\/ficam.cat\/wp-content\/uploads\/2026\/01\/img-blog-widget-01.jpg","thumbnail_width":443,"thumbnail_height":285,"description":"Pendant neuf jours, les fleurs et les plantes sont \u00e0 l\u2019honneur \u00e0 G\u00e9rone avec le \u00ab Temps de flors \u00bb. Les lieux embl\u00e9matiques de la ville sont orn\u00e9s de spectaculaires d\u00e9corations florales. Les patios, les petites places, les ponts,\u2026 tous ces endroits arborent une couleur et un parfum diff\u00e9rents, faisant de la visite une autre fa\u00e7on de voir la ville ou de la d\u00e9couvrir. Du samedi 10 mai au dimanche 18 mai, nous vous invitons \u00e0 d\u00e9couvrir les projets floraux qui ornent Girona et aussi Palau Fugit !"}

Albert Torró Vilert

Pendant neuf jours, les fleurs et les plantes sont à l’honneur à Gérone avec le « Temps de flors ». Les lieux emblématiques de la ville sont ornés de spectaculaires décorations florales. Les patios, les petites places, les ponts,… tous ces endroits arborent une couleur et un parfum différents, faisant de la visite une autre façon de voir la ville ou de la découvrir. Du samedi 10 mai au dimanche 18 mai, nous vous invitons à découvrir les projets floraux qui ornent Girona et aussi Palau Fugit !
